{"id":173,"date":"2021-02-24T21:16:05","date_gmt":"2021-02-24T21:16:05","guid":{"rendered":"https:\/\/www.haphybyaquasense.com\/shop\/?post_type=product&#038;p=173"},"modified":"2021-02-24T21:16:44","modified_gmt":"2021-02-24T21:16:44","slug":"hip-bands-tela-loop-bands","status":"publish","type":"product","link":"https:\/\/www.haphybyaquasense.com\/shop\/producto\/hip-bands-tela-loop-bands\/","title":{"rendered":"Hip Bands Tela loop Bands"},"content":{"rendered":"<p>Banda El\u00e1stica Cerrada de tela para ejercitar m\u00fasculos agonistas y antagonistas con 3 diferentes medidas. Su material las hace mas resistentes que las de l\u00e1tex y para ejercicios m\u00e1s completos<\/p>\n","protected":false},"excerpt":{"rendered":"<p>Banda El\u00e1stica Cerrada de tela para ejercitar m\u00fasculos agonistas y antagonistas con 3 diferentes medidas. Su material las hace mas resistentes que las de l\u00e1tex y para ejercicios m\u00e1s completos<\/p>\n","protected":false},"featured_media":174,"comment_status":"open","ping_status":"closed","template":"","meta":[],"product_brand":[],"product_cat":[21],"product_tag":[],"class_list":{"0":"post-173","1":"product","2":"type-product","3":"status-publish","4":"has-post-thumbnail","6":"product_cat-yoga-y-pilates","8":"first","9":"instock","10":"shipping-taxable","11":"purchasable","12":"product-type-simple"},"yoast_head":"<!-- This site is optimized with the Yoast SEO plugin v27.2 - https:\/\/yoast.com\/product\/yoast-seo-wordpress\/ -->\n<title>Hip Bands Tela loop Bands - Haphy Shop<\/title>\n<meta name=\"robots\" content=\"index, follow, max-snippet:-1, max-image-preview:large, max-video-preview:-1\" \/>\n<link rel=\"canonical\" href=\"https:\/\/www.haphybyaquasense.com\/shop\/producto\/hip-bands-tela-loop-bands\/\" \/>\n<meta property=\"og:locale\" content=\"es_ES\" \/>\n<meta property=\"og:type\" content=\"article\" \/>\n<meta property=\"og:title\" content=\"Hip Bands Tela loop Bands - Haphy Shop\" \/>\n<meta property=\"og:description\" content=\"Banda El\u00e1stica Cerrada de tela para ejercitar m\u00fasculos agonistas y antagonistas con 3 diferentes medidas. Su material las hace mas resistentes que las de l\u00e1tex y para ejercicios m\u00e1s completos\" \/>\n<meta property=\"og:url\" content=\"https:\/\/www.haphybyaquasense.com\/shop\/producto\/hip-bands-tela-loop-bands\/\" \/>\n<meta property=\"og:site_name\" content=\"Haphy Shop\" \/>\n<meta property=\"article:modified_time\" content=\"2021-02-24T21:16:44+00:00\" \/>\n<meta property=\"og:image\" content=\"https:\/\/www.haphybyaquasense.com\/shop\/wp-content\/uploads\/2021\/02\/Hip-Bands-Tela-loop-Bands-250-pesos.png\" \/>\n\t<meta property=\"og:image:width\" content=\"307\" \/>\n\t<meta property=\"og:image:height\" content=\"307\" \/>\n\t<meta property=\"og:image:type\" content=\"image\/png\" \/>\n<meta name=\"twitter:card\" content=\"summary_large_image\" \/>\n<meta name=\"twitter:label1\" content=\"Tiempo de lectura\" \/>\n\t<meta name=\"twitter:data1\" content=\"1 minuto\" \/>\n<script type=\"application\/ld+json\" class=\"yoast-schema-graph\">{\"@context\":\"https:\/\/schema.org\",\"@graph\":[{\"@type\":\"WebPage\",\"@id\":\"https:\/\/www.haphybyaquasense.com\/shop\/producto\/hip-bands-tela-loop-bands\/\",\"url\":\"https:\/\/www.haphybyaquasense.com\/shop\/producto\/hip-bands-tela-loop-bands\/\",\"name\":\"Hip Bands Tela loop Bands - Haphy Shop\",\"isPartOf\":{\"@id\":\"https:\/\/www.haphybyaquasense.com\/shop\/#website\"},\"primaryImageOfPage\":{\"@id\":\"https:\/\/www.haphybyaquasense.com\/shop\/producto\/hip-bands-tela-loop-bands\/#primaryimage\"},\"image\":{\"@id\":\"https:\/\/www.haphybyaquasense.com\/shop\/producto\/hip-bands-tela-loop-bands\/#primaryimage\"},\"thumbnailUrl\":\"https:\/\/www.haphybyaquasense.com\/shop\/wp-content\/uploads\/2021\/02\/Hip-Bands-Tela-loop-Bands-250-pesos.png\",\"datePublished\":\"2021-02-24T21:16:05+00:00\",\"dateModified\":\"2021-02-24T21:16:44+00:00\",\"breadcrumb\":{\"@id\":\"https:\/\/www.haphybyaquasense.com\/shop\/producto\/hip-bands-tela-loop-bands\/#breadcrumb\"},\"inLanguage\":\"es\",\"potentialAction\":[{\"@type\":\"ReadAction\",\"target\":[\"https:\/\/www.haphybyaquasense.com\/shop\/producto\/hip-bands-tela-loop-bands\/\"]}]},{\"@type\":\"ImageObject\",\"inLanguage\":\"es\",\"@id\":\"https:\/\/www.haphybyaquasense.com\/shop\/producto\/hip-bands-tela-loop-bands\/#primaryimage\",\"url\":\"https:\/\/www.haphybyaquasense.com\/shop\/wp-content\/uploads\/2021\/02\/Hip-Bands-Tela-loop-Bands-250-pesos.png\",\"contentUrl\":\"https:\/\/www.haphybyaquasense.com\/shop\/wp-content\/uploads\/2021\/02\/Hip-Bands-Tela-loop-Bands-250-pesos.png\",\"width\":307,\"height\":307},{\"@type\":\"BreadcrumbList\",\"@id\":\"https:\/\/www.haphybyaquasense.com\/shop\/producto\/hip-bands-tela-loop-bands\/#breadcrumb\",\"itemListElement\":[{\"@type\":\"ListItem\",\"position\":1,\"name\":\"Portada\",\"item\":\"https:\/\/www.haphybyaquasense.com\/shop\/\"},{\"@type\":\"ListItem\",\"position\":2,\"name\":\"Productos de terapia acu\u00e1tica y f\u00edsica\",\"item\":\"https:\/\/www.haphybyaquasense.com\/shop\/tienda-de-productos-de-fisioterapia\/\"},{\"@type\":\"ListItem\",\"position\":3,\"name\":\"Hip Bands Tela loop Bands\"}]},{\"@type\":\"WebSite\",\"@id\":\"https:\/\/www.haphybyaquasense.com\/shop\/#website\",\"url\":\"https:\/\/www.haphybyaquasense.com\/shop\/\",\"name\":\"Haphy Shop\",\"description\":\"Encuentra el producto ideal para recuperar tu bienestar\",\"publisher\":{\"@id\":\"https:\/\/www.haphybyaquasense.com\/shop\/#organization\"},\"potentialAction\":[{\"@type\":\"SearchAction\",\"target\":{\"@type\":\"EntryPoint\",\"urlTemplate\":\"https:\/\/www.haphybyaquasense.com\/shop\/?s={search_term_string}\"},\"query-input\":{\"@type\":\"PropertyValueSpecification\",\"valueRequired\":true,\"valueName\":\"search_term_string\"}}],\"inLanguage\":\"es\"},{\"@type\":\"Organization\",\"@id\":\"https:\/\/www.haphybyaquasense.com\/shop\/#organization\",\"name\":\"Haphy Shop\",\"url\":\"https:\/\/www.haphybyaquasense.com\/shop\/\",\"logo\":{\"@type\":\"ImageObject\",\"inLanguage\":\"es\",\"@id\":\"https:\/\/www.haphybyaquasense.com\/shop\/#\/schema\/logo\/image\/\",\"url\":\"https:\/\/www.haphybyaquasense.com\/shop\/wp-content\/uploads\/2021\/02\/cropped-haphy-tienda-1.png\",\"contentUrl\":\"https:\/\/www.haphybyaquasense.com\/shop\/wp-content\/uploads\/2021\/02\/cropped-haphy-tienda-1.png\",\"width\":502,\"height\":167,\"caption\":\"Haphy Shop\"},\"image\":{\"@id\":\"https:\/\/www.haphybyaquasense.com\/shop\/#\/schema\/logo\/image\/\"}}]}<\/script>\n<!-- \/ Yoast SEO plugin. -->","yoast_head_json":{"title":"Hip Bands Tela loop Bands - Haphy Shop","robots":{"index":"index","follow":"follow","max-snippet":"max-snippet:-1","max-image-preview":"max-image-preview:large","max-video-preview":"max-video-preview:-1"},"canonical":"https:\/\/www.haphybyaquasense.com\/shop\/producto\/hip-bands-tela-loop-bands\/","og_locale":"es_ES","og_type":"article","og_title":"Hip Bands Tela loop Bands - Haphy Shop","og_description":"Banda El\u00e1stica Cerrada de tela para ejercitar m\u00fasculos agonistas y antagonistas con 3 diferentes medidas. Su material las hace mas resistentes que las de l\u00e1tex y para ejercicios m\u00e1s completos","og_url":"https:\/\/www.haphybyaquasense.com\/shop\/producto\/hip-bands-tela-loop-bands\/","og_site_name":"Haphy Shop","article_modified_time":"2021-02-24T21:16:44+00:00","og_image":[{"width":307,"height":307,"url":"https:\/\/www.haphybyaquasense.com\/shop\/wp-content\/uploads\/2021\/02\/Hip-Bands-Tela-loop-Bands-250-pesos.png","type":"image\/png"}],"twitter_card":"summary_large_image","twitter_misc":{"Tiempo de lectura":"1 minuto"},"schema":{"@context":"https:\/\/schema.org","@graph":[{"@type":"WebPage","@id":"https:\/\/www.haphybyaquasense.com\/shop\/producto\/hip-bands-tela-loop-bands\/","url":"https:\/\/www.haphybyaquasense.com\/shop\/producto\/hip-bands-tela-loop-bands\/","name":"Hip Bands Tela loop Bands - Haphy Shop","isPartOf":{"@id":"https:\/\/www.haphybyaquasense.com\/shop\/#website"},"primaryImageOfPage":{"@id":"https:\/\/www.haphybyaquasense.com\/shop\/producto\/hip-bands-tela-loop-bands\/#primaryimage"},"image":{"@id":"https:\/\/www.haphybyaquasense.com\/shop\/producto\/hip-bands-tela-loop-bands\/#primaryimage"},"thumbnailUrl":"https:\/\/www.haphybyaquasense.com\/shop\/wp-content\/uploads\/2021\/02\/Hip-Bands-Tela-loop-Bands-250-pesos.png","datePublished":"2021-02-24T21:16:05+00:00","dateModified":"2021-02-24T21:16:44+00:00","breadcrumb":{"@id":"https:\/\/www.haphybyaquasense.com\/shop\/producto\/hip-bands-tela-loop-bands\/#breadcrumb"},"inLanguage":"es","potentialAction":[{"@type":"ReadAction","target":["https:\/\/www.haphybyaquasense.com\/shop\/producto\/hip-bands-tela-loop-bands\/"]}]},{"@type":"ImageObject","inLanguage":"es","@id":"https:\/\/www.haphybyaquasense.com\/shop\/producto\/hip-bands-tela-loop-bands\/#primaryimage","url":"https:\/\/www.haphybyaquasense.com\/shop\/wp-content\/uploads\/2021\/02\/Hip-Bands-Tela-loop-Bands-250-pesos.png","contentUrl":"https:\/\/www.haphybyaquasense.com\/shop\/wp-content\/uploads\/2021\/02\/Hip-Bands-Tela-loop-Bands-250-pesos.png","width":307,"height":307},{"@type":"BreadcrumbList","@id":"https:\/\/www.haphybyaquasense.com\/shop\/producto\/hip-bands-tela-loop-bands\/#breadcrumb","itemListElement":[{"@type":"ListItem","position":1,"name":"Portada","item":"https:\/\/www.haphybyaquasense.com\/shop\/"},{"@type":"ListItem","position":2,"name":"Productos de terapia acu\u00e1tica y f\u00edsica","item":"https:\/\/www.haphybyaquasense.com\/shop\/tienda-de-productos-de-fisioterapia\/"},{"@type":"ListItem","position":3,"name":"Hip Bands Tela loop Bands"}]},{"@type":"WebSite","@id":"https:\/\/www.haphybyaquasense.com\/shop\/#website","url":"https:\/\/www.haphybyaquasense.com\/shop\/","name":"Haphy Shop","description":"Encuentra el producto ideal para recuperar tu bienestar","publisher":{"@id":"https:\/\/www.haphybyaquasense.com\/shop\/#organization"},"potentialAction":[{"@type":"SearchAction","target":{"@type":"EntryPoint","urlTemplate":"https:\/\/www.haphybyaquasense.com\/shop\/?s={search_term_string}"},"query-input":{"@type":"PropertyValueSpecification","valueRequired":true,"valueName":"search_term_string"}}],"inLanguage":"es"},{"@type":"Organization","@id":"https:\/\/www.haphybyaquasense.com\/shop\/#organization","name":"Haphy Shop","url":"https:\/\/www.haphybyaquasense.com\/shop\/","logo":{"@type":"ImageObject","inLanguage":"es","@id":"https:\/\/www.haphybyaquasense.com\/shop\/#\/schema\/logo\/image\/","url":"https:\/\/www.haphybyaquasense.com\/shop\/wp-content\/uploads\/2021\/02\/cropped-haphy-tienda-1.png","contentUrl":"https:\/\/www.haphybyaquasense.com\/shop\/wp-content\/uploads\/2021\/02\/cropped-haphy-tienda-1.png","width":502,"height":167,"caption":"Haphy Shop"},"image":{"@id":"https:\/\/www.haphybyaquasense.com\/shop\/#\/schema\/logo\/image\/"}}]}},"_links":{"self":[{"href":"https:\/\/www.haphybyaquasense.com\/shop\/wp-json\/wp\/v2\/product\/173","targetHints":{"allow":["GET"]}}],"collection":[{"href":"https:\/\/www.haphybyaquasense.com\/shop\/wp-json\/wp\/v2\/product"}],"about":[{"href":"https:\/\/www.haphybyaquasense.com\/shop\/wp-json\/wp\/v2\/types\/product"}],"replies":[{"embeddable":true,"href":"https:\/\/www.haphybyaquasense.com\/shop\/wp-json\/wp\/v2\/comments?post=173"}],"wp:featuredmedia":[{"embeddable":true,"href":"https:\/\/www.haphybyaquasense.com\/shop\/wp-json\/wp\/v2\/media\/174"}],"wp:attachment":[{"href":"https:\/\/www.haphybyaquasense.com\/shop\/wp-json\/wp\/v2\/media?parent=173"}],"wp:term":[{"taxonomy":"product_brand","embeddable":true,"href":"https:\/\/www.haphybyaquasense.com\/shop\/wp-json\/wp\/v2\/product_brand?post=173"},{"taxonomy":"product_cat","embeddable":true,"href":"https:\/\/www.haphybyaquasense.com\/shop\/wp-json\/wp\/v2\/product_cat?post=173"},{"taxonomy":"product_tag","embeddable":true,"href":"https:\/\/www.haphybyaquasense.com\/shop\/wp-json\/wp\/v2\/product_tag?post=173"}],"curies":[{"name":"wp","href":"https:\/\/api.w.org\/{rel}","templated":true}]}}